+ (0 - -98).
101
-3 + 2 + (-15 - -23) + 0 - (-69 - -1)
75
What is the value of 14 - (-13 + 17 + -14 + 11) - 51?
-38
Calculate (-14 + (-17 - -66) - 14) + -86 + -8.
-73
What is 0 + 22 + (181 - 240) - -6?
-31
84 - 88 - -101 - 30
67
Calculate -32 + 9 + 13 + 14 + (6 - 12).
-2
Evaluate 35589 + -35599 + -75 + (2 - 2).
-85
Calculate 9 + 34 + -31 + -67.
-55
What is the value of (-22 - -8) + (-2 + 27 - 12 - 25)?
-26
What is (-27 - ((19 - 23) + -14)) + -16 + 0 + -11?
-36
Evaluate 4 + (1 + -3 + -121 - (-48 - (-39 + -10))).
-120
What is the value of (63 + -72 - (4 + -4 - -1)) + (31 - -2)?
23
What is 53 + -6 + -13 + -11?
23
(0 - (-52 - (15 + -34))) + 4
37
What is (-1 - 3 - -12) + 49 + -65 + -19?
-27
-7 - ((-4 + -11 - 59) + 21)
46
Calculate 32 - 3 - (-22 + 11) - (-14 - (-6 - 0)).
48
What is the value of -10 - -3 - (313 + -293)?
-27
Evaluate -8 + 0 - (23 - ((-85 - -53) + 69)).
6
What is -2 - -87 - 1 - (2 + 3 - (-8 - 0))?
71
13 - (-3 - 35) - 130
-79
What is 3 - 5 - (4 + 32 - 132) - 6?
88
What is the value of -19 + 3 + (-39 - -21)?
-34
What is the value of (849 - 853) + (2 - 2 - (-1 - 2))?
-1
What is -39 - (18 - 131) - 38?
36
Evaluate (40 - 6) + 53 + -7 + 6.
86
(-179 - -33) + 124 - (-2 + 52)
-72
Evaluate 5 + -9 + 8 + -3 + -3 - (-60 + 98).
-40
Calculate (-55 - -137) + -34 + -18.
30
Evaluate -12 + -14 + (44 - 96 - -118).
40
What is the value of -6 - (45 - -27 - 57)?
-21
Calculate -1 + -30 + (-41 - -46 - 3) + -3 + 3.
-29
Calculate -36 - (-67 + -39 + 41).
29
What is -16 + 3 + (-177 - -182) + (-11 - 1)?
-20
What is the value of (-14 - -2) + (75 - 41 - (25 + -6) - 17)?
-14
What is the value of -25 + 31 + -20 + 41?
27
1 + 219 - (725 + -626)
121
What is -45 + -1 + (-18 - (7 - 20))?
-51
Evaluate 21 + -55 - (18 + -23).
-29
What is the value of 19 + 3 + (10 - (22 + -38 + 19))?
29
What is the value of (10 - (5 + -57)) + -6 + 48 + -37?
67
-1 + 16 + 51 + -115 - (-8 + -2)
-39
What is 24 - -6 - 46 - -1?
-15
Calculate -2 + -4 + 2 + 7 + 9 - (399 - 490).
103
Calculate 14 + (109 - 100) + -1 + -19 + 2.
5
Evaluate (11 - 28 - (10 - -20)) + -23.
-70
-6 + -14 + (-10 - -2) - 41
-69
What is -6 - ((-16 - (19 - 28)) + -2 + -2) - -55?
60
What is 1 - (59 - 19 - 22)?
-17
Calculate -90 + (58 + -34 - -23).
-43
1 - -6 - (192 + (-46 - 192))
53
Evaluate -15 + -14 - (-24 + 2 + 20).
-27
Calculate (164 - (53 + -32)) + -55 - (1 - -1).
86
Evaluate 65 + (-98 - -176) + (3 - 39).
107
21 - (-9 - (13 + -137) - 3)
-91
46 + 55 + -29 + -41
31
Calculate -109 - -66 - -110 - -20.
87
What is -47 + 17 + -1 + 101?
70
Evaluate (44 - 37 - -1) + (0 + 2 - (-7 - -5)).
12
What is the value of (-9 - -16) + 2 + 37 + -114?
-68
Evaluate 1 - ((38 - 27) + -26 - (7 + -6 + 4)).
21
What is (11 - 35) + -501 + 474?
-51
Evaluate (-7 - -2) + 4 + (-16 - (-7 - 16)) + -40.
-34
19 - (-11 + 63 + (27 - 53))
-7
What is the value of -20 + (-13 - -27) + -89 + -3 + (2 - -8)?
-88
Evaluate -4 - -28 - (-20 - ((-15 - -12) + -9)).
32
(10 + -2 - (-71 + 70 - -14)) + 0
-5
What is -86 - (29 - 100 - -30)?
-45
What is the value of (3 - -59 - (215 + -196)) + 13?
56
What is the value of 11 + -2 - (46 - 75 - -16)?
22
Evaluate 29 - ((20 - 23) + 10 - -89).
-67
What is the value of -28 + 34 + -15 + 13 + (0 - -1) + 55?
60
Evaluate (27 - 69) + 31 + 44.
33
What is the value of -4 + 11 + (-16 - (-11 - -20 - 9)) - 66?
-75
Calculate -4 - -1 - (-12 - (0 - 4) - (108 - 72)).
41
What is the value of 27 + -21 + -13 - (5 - (-37 - 6))?
-55
(-77 - -94 - (33 + 0)) + 50
34
Calculate -23 + 14 - (-6 - (3 + -17)).
-17
What is -51 + (8 + -18 - -42)?
-19
11 - (-6 - (-89 - -60))
-12
0 + -11 + 20 + 14 + (-106 - 11)
-94
What is (-81 - -30) + 24 + -13?
-40
Calculate (42 - (136 + -46)) + 27 + (136 - -1).
116
What is the value of 1 + (9 + 3 + -4 - -36) + -6?
39
What is 24 + (22 - -27) + 36 + 28?
137
-18 - (-995 + 990 + (1 - (-7 - 0)))
-21
What is the value of 23 + -6 + -5 + -10 + -2?
0
Evaluate (136 - 181) + 10 + 3.
-32
Evaluate 27 - (-7 + (-5 - -9)) - -9.
39
(2 - 2 - 23) + (-90 + 184 - 112)
-41
What is the value of 38 + -41 + -8 + 27 + 4?
20
What is the value of 38 + (-42 - -30) - ((10 - 13) + -6 + 0)?
35
What is the value of -8 - (15 + (-3 - 2) - ((11 - 1) + -3))?
-11
Calculate -31 - ((24 - -14) + -37).
-32
Calculate -1 + 1 + (-1 + -17 - (6 - -15)).
-39
What is (30 - (57 + -21)) + 46 - (17 + -2)?
25
Calculate -192 + (404 - 144) - ((1 - -5) + 4 + -3).
61
Evaluate -13 + -30 + -7 + 60.
10
What is the value of (-1 - -1) + -12 - (280 + -310)?
18
(28 - 12) + 6 + -2 - -4 - -6
30
What is (-2 - -11) + 2 + 2 + -33 + 134 + -89?
25
24 + 30 + -28 + (-3 - -13) + 1
37
Evaluate (-56 - -17) + 65 - 54.
-28
Calculate -15 - (-68 - -11 - -50).
-8
What is the value of -6 - ((62 + -23 - (1 + -12)) + -8)?
-48
What is (5 - 15) + 18 + (1 + 10 - -4)?
23
What is the value of -14 + 21 + (40 - -3) - 21?
29
What is -47 + (13 - -19) + (50 - 1)?
34
What is the value of (64 - (56 + 24)) + -28?
-44
Evaluate -2 - (10 - 22) - (-42 - -1).
51
(11 + -22 - -46 - 74) + 5
-34
Calculate 6 - (-2 + 1 + 5 + (1497 - 1496)) - -42.
43
10 - (253 + -254 - (-3 - (23 + -3)))
-12
Calculate (-43 - -18) + 24 + -72 + 27.
-46
Calculate 85 - -5 - (-30 - -36 - 20 - 4).
108
Calculate 40 + 60 - (11 + 34).
55
Evaluate (16 - ((5 - 9) + 13 - 4)) + -3 - -21.
29
What is the value of (-78 - 1) + 2675 + -2572?
24
Calculate 1 - 2 - (-712 + 670).
41
(-11 - (-11 + 9 + -12)) + 9 - 11
1
Calculate -12 - (-20 - -1) - ((73 - -11) + (-5 - -1)).
-73
Calculate -5 + 19 + (-32 - 7 - -131).
106
What is -10 - (48 - 48) - (2 + -111) - -8?
107
Calculate 47 - ((0 - -1 - -6) + (101 - (166 - 51))).
54
Evaluate -4 + -20 + (9 - -9) + (-35 - 0 - 2).
-43
Evaluate 22 - ((-11 - -53) + 3 - 11).
-12
Evaluate ((2 - 0) + 11 - (-506 - -515)) + 19 + 45.
68
Evaluate -12782 + 12840 - (-1 + 0 + 15).
44
What is 26 - (17 + 9) - (13 - -4)?
-17
8 - (2 - 6 - (10 + -39 + 20))
3
Calculate 5 + 24 + (-4 + -10 - (-11 - -10)).
16
What is 8 + 1 - (19 + (-10 - (-13 + -4 - -7)))?
-10
Evaluate (10 + -10 - (-8 + 3)) + (-4 - -37 - 5).
33
What is -14 + 12 + 14 + 3 + (29 - 7)?
37
Calculate -5 - (1 - (-2 - -20)) - (80 - (29 - -131)).
92
Evaluate (40 - 87) + -26 + 18.
-55
What is the value of -61 - -8 - (258 - 377)?
66
What is (-28 - -109) + (-5 - -2) + (9 - -8 - 12)?
83
29 - (-22 - -17 - 26 - -30)
30
What is -2 + 2 - (20 + -24 + 17) - -60?
47
-1 + 5 - (2 + -5 + -8 + 10) - -52
57
What is the value of (9 - (-1 + 25)) + 17?
2
What is the value of 1186 - 1210 - (3 + -3 + 6)?
-30
What is (209 - (110 - 112)) + -111?
100
What is the value of 53 + -43 - 30 - -42?
22
Evaluate -3 + 6 + -105 + 11 + 4 + -8.
-95
Evaluate -23 - ((39 - -15) + -47).
-30
-8 + ((-11 - (1 - 1)) + (-278 - -289) - 10)
-18
What is the value of (90 - -18) + -49 - 99?
-40
What is the value of (-10 - (0 - (-9 + 11)) - (-13 + -10)) + -147?
-132
-14 - -12 - (25 + -62 + 21) - -58
72
What is -94 - ((-4 - -41) + -93 + 28)?
-66
5 - 5 - (-394 - -414) - 46
-66
What is (1 - -8) + (164 - 171) + -32 - -5?
-25
What is 8 - ((-1 - -3 - -65) + 997 + -978)?
-78
(-16 - (-38 + 70)) + 101
53
Calculate 13 + (-20 - -19) + -1 + -5 + 22.
28
What is 1 + 3 + (-8 - 1) + (-9 - -24) - -36?
46
Calculate -52 + (3 + (-3 - -1 - 7) - 2) + 10.
-50
Calculate 0 + 4 + -47 + (45 - 100) + 120.
22
Calculate 46 + 51 + -49 + -42 + 17.
23
Calculate 9063 + -8995 + 20 + -1.
87
What is the value of (20 + -73 - -41) + 1 + 1 + 87?
77
Evaluate 14 - (-51 + 22 + 16).
27
Calculate -54 + 24 + 40 - (35 - -1).
-26
Evaluate -2 + 1 + 4 + 21 + (-18 - -9 - -5).
20
17 - (17 - (34 + -53 + 34))
15
What is (12 - -15) + (-2 - ((-63 - -59) + 0 + 1))?
28
Evaluate (4 - -2) + -78 + 80 + 13 - (-1 - -3).
19
Evaluate -295 + 213 + -3 + 114.
29
3 + 0 + (-2 - 5) - (82 + -106)
20
(16 + -4 - -11) + -141 + 80
-38
17 - ((-5 - 3) + (-14 - (-15 - -9)))
33
(55 - 1) + (-81 - (106 + -190))
57
What is the value of (-12 + -9 - (-4 + 3)) + 12?
-8
What is (29 - 32) + (10 - (-5 + -9 - -13))?
8
Calculate (5 - 9) + -13 + (-14 - -7).
-24
What is 102 + 34 + -116 - 14?
6
What is the value of -26 - (91 + -70 - -31)?
-78
Evaluate 35 + 0 + (395 - 387) - -9.
52
13 + (30 - (-27 + 12 + 6 + 2))
50
What is (54 + -61 - (-5 - 5)) + -16?
-13
Calculate (-94 - -58 - 83) + 93.
-26
What is (31 + -16 - 3 - 6) + -21?
-15
(-43 + 86 - 48) + 24
19
Calculate 4 + (0 - 33) - (-12 + 2 + -8 + 18).
-29
Calculate (-12 - -6 - (-5 + -32)) + -21 + 29 - -8.
47
Calcu